[INFO] cloning repository https://github.com/mosbasik/advent-of-code-2017
[INFO] running `Command { std: "git" "-c" "credential.helper=" "-c" "credential.helper=/workspace/cargo-home/bin/git-credential-null" "clone" "--bare" "https://github.com/mosbasik/advent-of-code-2017" "/workspace/cache/git-repos/https%3A%2F%2Fgithub.com%2Fmosbasik%2Fadvent-of-code-2017", kill_on_drop: false }`
[INFO] [stderr] Cloning into bare repository '/workspace/cache/git-repos/https%3A%2F%2Fgithub.com%2Fmosbasik%2Fadvent-of-code-2017'...
[INFO] running `Command { std: "git" "rev-parse" "HEAD", kill_on_drop: false }`
[INFO] [stdout] eaf8a34fed70cb8a9f00c30afc9a9358e7cce9b8
[INFO] building mosbasik/advent-of-code-2017 against master#881c1ac408d93bb7adaa3a51dabab9266e82eee8 for issue-85264
[INFO] running `Command { std: "git" "clone" "/workspace/cache/git-repos/https%3A%2F%2Fgithub.com%2Fmosbasik%2Fadvent-of-code-2017" "/workspace/builds/worker-8/source", kill_on_drop: false }`
[INFO] [stderr] Cloning into '/workspace/builds/worker-8/source'...
[INFO] [stderr] done.
[INFO] validating manifest of git repo https://github.com/mosbasik/advent-of-code-2017 on toolchain 881c1ac408d93bb7adaa3a51dabab9266e82eee8
[INFO] running `Command { std: "/workspace/cargo-home/bin/cargo" "+881c1ac408d93bb7adaa3a51dabab9266e82eee8" "metadata" "--manifest-path" "Cargo.toml" "--no-deps", kill_on_drop: false }`
[INFO] started tweaking git repo https://github.com/mosbasik/advent-of-code-2017
[INFO] finished tweaking git repo https://github.com/mosbasik/advent-of-code-2017
[INFO] tweaked toml for git repo https://github.com/mosbasik/advent-of-code-2017 written to /workspace/builds/worker-8/source/Cargo.toml
[INFO] crate git repo https://github.com/mosbasik/advent-of-code-2017 already has a lockfile, it will not be regenerated
[INFO] running `Command { std: "/workspace/cargo-home/bin/cargo" "+881c1ac408d93bb7adaa3a51dabab9266e82eee8" "fetch" "--manifest-path" "Cargo.toml", kill_on_drop: false }`
[INFO] [stderr]  Downloading crates ...
[INFO] [stderr]   Downloaded fixedbitset v0.1.8
[INFO] [stderr]   Downloaded petgraph v0.4.10
[INFO] [stderr]   Downloaded ordermap v0.3.2
[INFO] running `Command { std: "docker" "create" "-v" "/var/lib/crater-agent-workspace/builds/worker-8/target:/opt/rustwide/target:rw,Z" "-v" "/var/lib/crater-agent-workspace/builds/worker-8/source:/opt/rustwide/workdir:ro,Z" "-v" "/var/lib/crater-agent-workspace/cargo-home:/opt/rustwide/cargo-home:ro,Z" "-v" "/var/lib/crater-agent-workspace/rustup-home:/opt/rustwide/rustup-home:ro,Z" "-e" "SOURCE_DIR=/opt/rustwide/workdir" "-e" "CARGO_TARGET_DIR=/opt/rustwide/target" "-e" "CARGO_HOME=/opt/rustwide/cargo-home" "-e" "RUSTUP_HOME=/opt/rustwide/rustup-home" "-w" "/opt/rustwide/workdir" "-m" "1610612736" "--user" "0:0" "--network" "none" "ghcr.io/rust-lang/crates-build-env/linux@sha256:20528e8c29e4536546f0102ce88568b16ea7538393a33fcca951030f7af10457" "/opt/rustwide/cargo-home/bin/cargo" "+881c1ac408d93bb7adaa3a51dabab9266e82eee8" "metadata" "--no-deps" "--format-version=1", kill_on_drop: false }`
[INFO] [stdout] 9ba8b62ccf16d4dfaa6581c26c10872d00bdf28857eb4eb777ad7d4a7328b28c
[INFO] [stderr] WARNING: Your kernel does not support swap limit capabilities or the cgroup is not mounted. Memory limited without swap.
[INFO] running `Command { std: "docker" "start" "-a" "9ba8b62ccf16d4dfaa6581c26c10872d00bdf28857eb4eb777ad7d4a7328b28c", kill_on_drop: false }`
[INFO] running `Command { std: "docker" "inspect" "9ba8b62ccf16d4dfaa6581c26c10872d00bdf28857eb4eb777ad7d4a7328b28c", kill_on_drop: false }`
[INFO] running `Command { std: "docker" "rm" "-f" "9ba8b62ccf16d4dfaa6581c26c10872d00bdf28857eb4eb777ad7d4a7328b28c", kill_on_drop: false }`
[INFO] [stdout] 9ba8b62ccf16d4dfaa6581c26c10872d00bdf28857eb4eb777ad7d4a7328b28c
[INFO] running `Command { std: "docker" "create" "-v" "/var/lib/crater-agent-workspace/builds/worker-8/target:/opt/rustwide/target:rw,Z" "-v" "/var/lib/crater-agent-workspace/builds/worker-8/source:/opt/rustwide/workdir:ro,Z" "-v" "/var/lib/crater-agent-workspace/cargo-home:/opt/rustwide/cargo-home:ro,Z" "-v" "/var/lib/crater-agent-workspace/rustup-home:/opt/rustwide/rustup-home:ro,Z" "-e" "SOURCE_DIR=/opt/rustwide/workdir" "-e" "CARGO_TARGET_DIR=/opt/rustwide/target" "-e" "CARGO_INCREMENTAL=0" "-e" "RUST_BACKTRACE=full" "-e" "RUSTFLAGS=--cap-lints=forbid" "-e" "CARGO_HOME=/opt/rustwide/cargo-home" "-e" "RUSTUP_HOME=/opt/rustwide/rustup-home" "-w" "/opt/rustwide/workdir" "-m" "1610612736" "--user" "0:0" "--network" "none" "ghcr.io/rust-lang/crates-build-env/linux@sha256:20528e8c29e4536546f0102ce88568b16ea7538393a33fcca951030f7af10457" "/opt/rustwide/cargo-home/bin/cargo" "+881c1ac408d93bb7adaa3a51dabab9266e82eee8" "build" "--frozen" "--message-format=json", kill_on_drop: false }`
[INFO] [stdout] 5d9e8c0a109c6798b18868bdeeb057dad134395b6ec5bc2629827f22c98fee77
[INFO] [stderr] WARNING: Your kernel does not support swap limit capabilities or the cgroup is not mounted. Memory limited without swap.
[INFO] running `Command { std: "docker" "start" "-a" "5d9e8c0a109c6798b18868bdeeb057dad134395b6ec5bc2629827f22c98fee77", kill_on_drop: false }`
[INFO] [stderr]    Compiling libc v0.2.34
[INFO] [stderr]    Compiling fixedbitset v0.1.8
[INFO] [stderr]    Compiling ordermap v0.3.2
[INFO] [stderr]    Compiling unicode-segmentation v1.2.0
[INFO] [stderr]    Compiling petgraph v0.4.10
[INFO] [stderr]    Compiling memchr v1.0.2
[INFO] [stderr]    Compiling nom v3.2.1
[INFO] [stdout] error[E0034]: multiple applicable items in scope
[INFO] [stdout]     --> /opt/rustwide/cargo-home/registry/src/github.com-1ecc6299db9ec823/petgraph-0.4.10/src/graph_impl/stable_graph/mod.rs:1173:19
[INFO] [stdout]      |
[INFO] [stdout] 1173 |         self.iter.find_map(|(i, node)| {
[INFO] [stdout]      |                   ^^^^^^^^ multiple `find_map` found
[INFO] [stdout]      |
[INFO] [stdout] note: candidate #1 is defined in an impl of the trait `IterUtilsExt` for the type `I`
[INFO] [stdout]     --> /opt/rustwide/cargo-home/registry/src/github.com-1ecc6299db9ec823/petgraph-0.4.10/src/iter_utils.rs:5:5
[INFO] [stdout]      |
[INFO] [stdout] 5    | /     fn find_map<F, R>(&mut self, mut f: F) -> Option<R>
[INFO] [stdout] 6    | |         where F: FnMut(Self::Item) -> Option<R>
[INFO] [stdout]      | |_______________________________________________^
[INFO] [stdout]      = note: candidate #2 is defined in an impl of the trait `Iterator` for the type `Enumerate<I>`
[INFO] [stdout] help: disambiguate the associated function for candidate #1
[INFO] [stdout]      |
[INFO] [stdout] 1173 |         IterUtilsExt::find_map(&mut self.iter, |(i, node)| {
[INFO] [stdout] 1174 |             node.weight.as_ref().map(move |w| (node_index(i), w))
[INFO] [stdout] 1175 |         })
[INFO] [stdout]      |
[INFO] [stdout] help: disambiguate the associated function for candidate #2
[INFO] [stdout]      |
[INFO] [stdout] 1173 |         Iterator::find_map(&mut self.iter, |(i, node)| {
[INFO] [stdout] 1174 |             node.weight.as_ref().map(move |w| (node_index(i), w))
[INFO] [stdout] 1175 |         })
[INFO] [stdout]      |
[INFO] [stdout] 
[INFO] [stdout] 
[INFO] [stdout] error[E0034]: multiple applicable items in scope
[INFO] [stdout]     --> /opt/rustwide/cargo-home/registry/src/github.com-1ecc6299db9ec823/petgraph-0.4.10/src/graph_impl/stable_graph/mod.rs:1365:19
[INFO] [stdout]      |
[INFO] [stdout] 1365 |         self.iter.find_map(|(i, edge)|
[INFO] [stdout]      |                   ^^^^^^^^ multiple `find_map` found
[INFO] [stdout]      |
[INFO] [stdout] note: candidate #1 is defined in an impl of the trait `IterUtilsExt` for the type `I`
[INFO] [stdout]     --> /opt/rustwide/cargo-home/registry/src/github.com-1ecc6299db9ec823/petgraph-0.4.10/src/iter_utils.rs:5:5
[INFO] [stdout]      |
[INFO] [stdout] 5    | /     fn find_map<F, R>(&mut self, mut f: F) -> Option<R>
[INFO] [stdout] 6    | |         where F: FnMut(Self::Item) -> Option<R>
[INFO] [stdout]      | |_______________________________________________^
[INFO] [stdout]      = note: candidate #2 is defined in an impl of the trait `Iterator` for the type `Enumerate<I>`
[INFO] [stdout] help: disambiguate the associated function for candidate #1
[INFO] [stdout]      |
[INFO] [stdout] 1365 |         IterUtilsExt::find_map(&mut self.iter, |(i, edge)|
[INFO] [stdout] 1366 |             edge.weight.as_ref().map(move |weight| {
[INFO] [stdout] 1367 |                 EdgeReference {
[INFO] [stdout] 1368 |                     index: edge_index(i),
[INFO] [stdout] 1369 |                     node: edge.node,
[INFO] [stdout] 1370 |                     weight: weight,
[INFO] [stdout]    ...
[INFO] [stdout] help: disambiguate the associated function for candidate #2
[INFO] [stdout]      |
[INFO] [stdout] 1365 |         Iterator::find_map(&mut self.iter, |(i, edge)|
[INFO] [stdout] 1366 |             edge.weight.as_ref().map(move |weight| {
[INFO] [stdout] 1367 |                 EdgeReference {
[INFO] [stdout] 1368 |                     index: edge_index(i),
[INFO] [stdout] 1369 |                     node: edge.node,
[INFO] [stdout] 1370 |                     weight: weight,
[INFO] [stdout]    ...
[INFO] [stdout] 
[INFO] [stdout] 
[INFO] [stdout] error[E0034]: multiple applicable items in scope
[INFO] [stdout]     --> /opt/rustwide/cargo-home/registry/src/github.com-1ecc6299db9ec823/petgraph-0.4.10/src/graph_impl/stable_graph/mod.rs:1529:19
[INFO] [stdout]      |
[INFO] [stdout] 1529 |         self.iter.find_map(|(i, node)| {
[INFO] [stdout]      |                   ^^^^^^^^ multiple `find_map` found
[INFO] [stdout]      |
[INFO] [stdout] note: candidate #1 is defined in an impl of the trait `IterUtilsExt` for the type `I`
[INFO] [stdout]     --> /opt/rustwide/cargo-home/registry/src/github.com-1ecc6299db9ec823/petgraph-0.4.10/src/iter_utils.rs:5:5
[INFO] [stdout]      |
[INFO] [stdout] 5    | /     fn find_map<F, R>(&mut self, mut f: F) -> Option<R>
[INFO] [stdout] 6    | |         where F: FnMut(Self::Item) -> Option<R>
[INFO] [stdout]      | |_______________________________________________^
[INFO] [stdout]      = note: candidate #2 is defined in an impl of the trait `Iterator` for the type `Enumerate<I>`
[INFO] [stdout] help: disambiguate the associated function for candidate #1
[INFO] [stdout]      |
[INFO] [stdout] 1529 |         IterUtilsExt::find_map(&mut self.iter, |(i, node)| {
[INFO] [stdout] 1530 |             if node.weight.is_some() {
[INFO] [stdout] 1531 |                 Some(node_index(i))
[INFO] [stdout] 1532 |             } else { None }
[INFO] [stdout] 1533 |         })
[INFO] [stdout]      |
[INFO] [stdout] help: disambiguate the associated function for candidate #2
[INFO] [stdout]      |
[INFO] [stdout] 1529 |         Iterator::find_map(&mut self.iter, |(i, node)| {
[INFO] [stdout] 1530 |             if node.weight.is_some() {
[INFO] [stdout] 1531 |                 Some(node_index(i))
[INFO] [stdout] 1532 |             } else { None }
[INFO] [stdout] 1533 |         })
[INFO] [stdout]      |
[INFO] [stdout] 
[INFO] [stdout] 
[INFO] [stdout] error[E0034]: multiple applicable items in scope
[INFO] [stdout]     --> /opt/rustwide/cargo-home/registry/src/github.com-1ecc6299db9ec823/petgraph-0.4.10/src/graph_impl/stable_graph/mod.rs:1575:19
[INFO] [stdout]      |
[INFO] [stdout] 1575 |         self.iter.find_map(|(i, node)| {
[INFO] [stdout]      |                   ^^^^^^^^ multiple `find_map` found
[INFO] [stdout]      |
[INFO] [stdout] note: candidate #1 is defined in an impl of the trait `IterUtilsExt` for the type `I`
[INFO] [stdout]     --> /opt/rustwide/cargo-home/registry/src/github.com-1ecc6299db9ec823/petgraph-0.4.10/src/iter_utils.rs:5:5
[INFO] [stdout]      |
[INFO] [stdout] 5    | /     fn find_map<F, R>(&mut self, mut f: F) -> Option<R>
[INFO] [stdout] 6    | |         where F: FnMut(Self::Item) -> Option<R>
[INFO] [stdout]      | |_______________________________________________^
[INFO] [stdout]      = note: candidate #2 is defined in an impl of the trait `Iterator` for the type `Enumerate<I>`
[INFO] [stdout] help: disambiguate the associated function for candidate #1
[INFO] [stdout]      |
[INFO] [stdout] 1575 |         IterUtilsExt::find_map(&mut self.iter, |(i, node)| {
[INFO] [stdout] 1576 |             if node.weight.is_some() {
[INFO] [stdout] 1577 |                 Some(edge_index(i))
[INFO] [stdout] 1578 |             } else { None }
[INFO] [stdout] 1579 |         })
[INFO] [stdout]      |
[INFO] [stdout] help: disambiguate the associated function for candidate #2
[INFO] [stdout]      |
[INFO] [stdout] 1575 |         Iterator::find_map(&mut self.iter, |(i, node)| {
[INFO] [stdout] 1576 |             if node.weight.is_some() {
[INFO] [stdout] 1577 |                 Some(edge_index(i))
[INFO] [stdout] 1578 |             } else { None }
[INFO] [stdout] 1579 |         })
[INFO] [stdout]      |
[INFO] [stdout] 
[INFO] [stdout] 
[INFO] [stdout] error: aborting due to 4 previous errors
[INFO] [stdout] 
[INFO] [stdout] 
[INFO] [stdout] For more information about this error, try `rustc --explain E0034`.
[INFO] [stdout] 
[INFO] [stderr] error: could not compile `petgraph`
[INFO] [stderr] 
[INFO] [stderr] To learn more, run the command again with --verbose.
[INFO] [stderr] warning: build failed, waiting for other jobs to finish...
[INFO] [stderr] error: build failed
[INFO] running `Command { std: "docker" "inspect" "5d9e8c0a109c6798b18868bdeeb057dad134395b6ec5bc2629827f22c98fee77", kill_on_drop: false }`
[INFO] running `Command { std: "docker" "rm" "-f" "5d9e8c0a109c6798b18868bdeeb057dad134395b6ec5bc2629827f22c98fee77", kill_on_drop: false }`
[INFO] [stdout] 5d9e8c0a109c6798b18868bdeeb057dad134395b6ec5bc2629827f22c98fee77
